9*x + 9*x - 4. Suppose -15 = -3*o, 5*b - 2*o = -30 - 10. What is a(b)?
3
Let q(b) = 2*b**2 - 3*b + 3. Let i = 21 + -15. Suppose -x + 3*g = -17, -2*x = -0*g + 2*g + i. Let z = 4 - x. What is q(z)?
5
Let y(x) = x. Let p(r) = r**2 + 7*r - 5. Let s be p(-8). Determine y(s).
3
Let m(y) be the first derivative of y**4/12 + y**3/2 + 3*y**2/2 - 2*y + 1. Let x(a) be the first derivative of m(a). What is x(-3)?
3
Let v(z) = 2 - 6 - z + 1 + 0*z. Give v(-4).
1
Let y be -3 + (12 + 3)/(-5). Let k = 5 - 4. Let d(i) = -i. Let o(h) = 7. Let z(x) = k*o(x) - d(x). Calculate z(y).
1
Let x(i) = -i**2 - 12 + 2*i - 4*i + 15 - 7*i. Give x(-10).
-7
Let q(z) = -z. Suppose 5*l + 12 + 23 = 0. Let m(o) be the third derivative of -o**4/24 + 2*o**2. Let y(s) = l*m(s) + 6*q(s). Determine y(-1).
-1
Let c(f) = -6*f**2 + 4*f**3 - 5*f - 13 - 5*f**3 + 10. Calculate c(-5).
-3
Let b(s) be the first derivative of -s**4/24 - 4*s**3/3 + s**2/2 - 5. Let f(a) be the second derivative of b(a). Determine f(-6).
-2
Let l(h) be the second derivative of -h**4/12 - 2*h**3/3 - 3*h**2/2 + h. Let a be (6/(-4))/(39/104). Give l(a).
-3
Let t(i) = -i**2 + 3*i - 2. Let f(b) = -3*b + 10. Let y be f(-6). Let c be (-5)/2*y/(-35). Calculate t(c).
0
Let f(x) = x**3 + x - 1. Let q be f(1). Let k(p) = p + q + p + 0. Let g be k(-1). Let s(b) = 5*b**2 - b. Give s(g).
6
Let k(q) = -q**2 - 6*q + 6. Let p be 1/((-44)/20 + 2). What is k(p)?
11
Let d(c) = -2*c - 5 + 3 + 0*c**2 + 3*c**2 - c**3. Suppose -a + 3 = -0*a. What is d(a)?
-8
Let c(i) = 3*i**2 + i. Let m be c(-1). Suppose k - m + 3 = 0. Let x(z) = -z**2 - z - 1. What is x(k)?
-1
Let j(q) = 9*q - 1. Suppose -7*b + 3*f = -4*b, 4 = 2*b + 2*f. Let x = -36 - -38. Let a = x - b. What is j(a)?
8
Let v(i) = i**2 - i - 1. Suppose -3 + 1 = -y. Suppose -5 = -3*a - y*a. Suppose 5*m = 5*g + a + 14, -5 = 5*m + 5*g. Give v(m).
-1
Suppose v = -4*z - 13, 0 = 3*v - 5*v - 2. Let o = -11 + 16. Let d(b) = -1 + o - b**2 - 3 - 4*b. What is d(z)?
4
Let g(c) = -c**2 + 7*c - 2. Let q(v) = -3*v**2 - 8*v + 5. Let u(p) = p**2 - 1. Let z(j) = -q(j) - 4*u(j). Let f(h) = -4*g(h) + 3*z(h). Give f(4).
5
Suppose -9 - 3 = -4*a. Let d(m) = m + m**a - 3*m - 3 - 3*m**2 - m. Calculate d(4).
1
Let d = -143 + 142. Let l(j) = 4*j**3 + 3*j**2 - 5*j - 5. Let m(x) = -4*x**3 - 2*x**2 + 4*x + 4. Let i(b) = 3*l(b) + 4*m(b). Calculate i(d).
5
Suppose 3*c - 6 = -3. Let g(m) be the first derivative of m**2/2 + m - 3. Calculate g(c).
2
Let h be 26/(-4) + (-14)/(-28). Let n(s) = -s**3 - 6*s**2 - 2*s - 9. Give n(h).
3
Suppose -3*j - j + 16 = 0. Suppose 0 = 4*m - 5 - 7. Let t(o) = 4*o**2 + j - o**3 - 2 + 4 - m*o. Calculate t(4).
-6
Let a(g) = 3*g**2 + 4011 - 3*g - 4016 + g**3 + 0*g. What is a(-4)?
-9
Let w(v) = -v**3 - 4*v**2 + 5*v + 1. Suppose -3*i + 5 = 2*a, 0 = -6*i + i - 5*a. Let d be i/(-2)*(-1 - -3). Calculate w(d).
1
Let k(n) be the second derivative of -5/2*n**2 - 1/6*n**3 - 5*n + 0. Calculate k(-6).
1
Let i(b) = 3*b - 3. Suppose -5*o - 30 = 5*f, 0 = -5*o + 3*f + 3 - 17. Determine i(o).
-15
Let i(l) = -l**3 - 3*l**2 - 2. Let o = -18 + 28. Suppose o*n + 15 = 5*n. Calculate i(n).
-2
Suppose 0 = -c - 0*z - 5*z - 1, 8 = c - 4*z. Let a(m) = 10*m**3 - 4*m**2 - 5*m + 3. Let i(t) = t**3 - t**2 - t + 1. Let k(x) = c*i(x) - a(x). Give k(-1).
6
Let h(q) be the first derivative of 0*q**2 - 2 + 1/4*q**4 - 11*q + 1/3*q**3. Determine h(0).
-11
Let o(m) = 13*m. Suppose -8*n + n = 7. Determine o(n).
-13
Let y(k) be the second derivative of k**8/2240 - k**7/2520 - k**6/360 - k**5/120 + k**4/4 - 2*k. Let d(g) be the third derivative of y(g). Determine d(-1).
-3
Let q(x) be the first derivative of x**6/360 - x**5/120 - x**3/3 + 1. Let d(y) be the third derivative of q(y). Let f = 22 - 21. Calculate d(f).
0
Let x be 6/10 - (-44)/10. Let k(v) = v**2 + 3*v - 2. Let y be k(-4). Let n(b) = b**2 - 4 + 0*b**y + x*b + 1. Determine n(-4).
-7
Let m(c) = c**3 - 12*c**2 + 5. Let r(g) = 2*g**3 - 23*g**2 + g + 9. Let i = 7 - 18. Let a(k) = i*m(k) + 6*r(k). Give a(5).
4
Let c(j) = -5*j**2 + 2*j - 1. Let y(s) = 6*s**2 - 2*s + 2. Let i(a) = -5*c(a) - 4*y(a). Give i(-2).
5
Let f(n) be the second derivative of n**4/12 - n**3/6 - n**2/2 + 25*n. Determine f(-2).
5
Suppose 2*c - f = 12, -5*c + 0*f + 4*f = -36. Suppose c*y = 2 + 10. Let r(v) = v**2 - 4*v. Let d be r(y). Let h(m) = -m**3 - m**2 + 3*m + 1. Determine h(d).
10
Let c(h) = -3*h**2 - 13*h - 6. Let k(n) = 7*n**2 + 27*n + 13. Let a(q) = -9*c(q) - 4*k(q). Determine a(7).
16
Let n(x) = -11*x**2 + 1 + 7*x**2 + x**2 + 0*x**2 - 2*x. Calculate n(-2).
-7
Let p(q) be the third derivative of q**5/60 + q**4/6 + 5*q**3/6 + 6*q**2. What is p(-4)?
5
Let b(o) = -3*o + 9. Let d be b(4). Let a(h) = 2*h - 3. Determine a(d).
-9
Let w(d) be the first derivative of -d**4/4 - 5*d**3/3 + 4*d**2 + 4*d - 60. What is w(-6)?
-8
Let c = 1 + 0. Let o(a) be the first derivative of 1/2*a**4 + 0*a**2 + 2/3*a**3 - a - 2. Calculate o(c).
3
Let c(p) be the second derivative of p**8/6720 + p**7/1260 + p**6/720 - p**5/60 - 5*p**4/12 - 4*p. Let d(s) be the third derivative of c(s). Determine d(-2).
-4
Let c be 4/(4/(-8)*-2). Let o(t) = -c*t**2 + 3*t**2 - 5 + 6 + 8. Determine o(0).
9
Let w(v) be the second derivative of -v**5/20 + 5*v**4/12 - v**3/3 - v**2 + 2*v. Let l = 21 + -11. Suppose 4*t - 9 = -n, -n + 5*t - l = -2*n. Calculate w(n).
-12
Let d(b) be the first derivative of 4*b - 2 + b + 2*b**2 - 3*b. Determine d(-3).
-10
Let h(f) = -1 + 2*f + 2 + 1. Let r(y) = -4*y + 2*y + 4 + 1. Let p be r(4). What is h(p)?
-4
Let f(m) = -m**2 + 0*m**3 + 11*m + 3*m**3 - 2*m**3 + 12 + 11*m**2. What is f(-9)?
-6
Let d = 104 + -54. Suppose -5*l - o = -l - 28, -5*l + d = 5*o. Let x(i) = 2 - 2 - i. Give x(l).
-6
Let n(w) = w**3 + 5*w**2 + 3. Suppose 5*l = l - 20. Determine n(l).
3
Let d = -13 + 9. Let u be d - 6/2 - -1. Let f(p) = p**2 + 8*p + 7. Determine f(u).
-5
Suppose 0 = y + 2*y. Let h = y + 0. Let i(o) = -o - o**2 - 2 - 4 + 3. Give i(h).
-3
Let p(v) = v**2 + 15 - 15 + 7*v. Calculate p(-6).
-6
Let u be 2/((-4)/6) - -7. Let h(b) = -u + 4 - b - 3. Determine h(4).
-7
Suppose 2*s = -2, -3*s = -3*w + 4*w + 5. Let t(h) = h**2 + h. Let c(u) = 3*u**2 + 4*u. Let o(b) = -c(b) + 6*t(b). Determine o(w).
8
Let d(q) = -12*q + 10. Let p(n) = -26*n + 21. Let u(r) = -7*d(r) + 3*p(r). Give u(5).
23
Let m(y) = y**2 - y + 1. Let z(p) = -2*p**2 + 4*p - 3. Let k(n) = 3*m(n) + z(n). Determine k(-2).
2
Let l(z) be the second derivative of -z**5/20 - z**4/4 - z**3/2 - 3*z**2/2 + 5*z. Give l(-3).
6
Let j(a) be the second derivative of a**4/4 + a**3/6 + a**2/2 - 2*a. Suppose 0 = g + 2*y - 6 - 13, 3*y - 74 = -5*g. Let v = 12 - g. Give j(v).
3
Let i(q) = -q + 1. Let j(w) = -w**2 + 5*w + 3. Suppose 0 = -5*r + 14 + 11. Let o be j(r). Suppose h + 4*l = -0*l - 13, o*h + 3*l + 3 = 0. Give i(h).
-2
Let b = -2 - -5. Let m(u) = 3*u - 36. Let c(j) = 9*j - 98. Let f(v) = 4*c(v) - 11*m(v). Give f(b).
13
Let g(i) = -2*i**3 - 15*i**2 + 9*i + 8. Let v be g(-8). Let b(p) = p**2 + 8. Determine b(v).
8
Let y(v) = -3*v**3 - 22*v**2 + 10*v + 9. Let i(x) = x**3 + 7*x**2 - 3*x - 3. Let s(u) = 7*i(u) + 2*y(u). What is s(-5)?
2
Let y(b) = -b**2 - 7*b - 9. Let m = -13 + 12. Let d(t) = -1. Let l(c) = m*y(c) + 6*d(c). Determine l(-5).
-7
Let x = 1 + 1. Let i(h) = h**3 - 2*h**2 + 3*h + 2. Let n(f) = -6*f**3 + 11*f**2 - 16*f - 10. Let g(p) = 11*i(p) + 2*n(p). Calculate g(x).
-4
Suppose -x = -3*x + 18. Let c(m) = -13*m - 4 + x*m + 0. What is c(-3)?
8
Let p(i) be the third derivative of i**4/24 - 2*i**3/3 + 2*i**2. What is p(6)?
2
Let n(y) be the first derivative of -1 - 6*y - 7/2*y**2 - 1/3*y**3. Calculate n(-5).
4
Let n(u) = -2*u - 4. Suppose 0*m - 4*m = -68. Suppose -t - 3*q + q = -m, t = -q + 21. Suppose 0*s = 5*s + t. Determine n(s).
6
Let j(o) = 0*o - 8*o + 13*o - 3. Let g(c) = -3*c + 3. Let n be g(2). Let x(i) = 2*i - 1. Let k(r) = n*j(r) + 7*x(r). Give k(1).
1
Let m(u) be the second derivative of -u**3/3 + 5*u**2 - 10*u - 2. What is m(9)?
-8
Let u(t) = -5 - t**2 + 3 + 2*t + 2*t**2 - 2. Calculate u(-4).
4
Let m be (-2)/(-5) - 96/15. Let g(s) = 6*s - 3 - 3 + 0*s**2 + s**2. Calculate g(m).
-6
Let n be (-3)/(-12) - 1/4. Let p = n - -3. Let l(t) = 7*t - 3. Let g(x) = x. Let o(k) = 6*g(k) - l(k). What is o(p)?
0
Let c(a) be the third derivative of -a**5/20 + a**4/12 - a**3/6 + 9*a**2. 